65
What is the remainder when 356 is divided by 61?
51
What is the remainder when 162 is divided by 82?
80
Calculate the remainder when 211 is divided by 13.
3
Calculate the remainder when 660 is divided by 51.
48
Calculate the remainder when 958 is divided by 26.
22
What is the remainder when 122 is divided by 47?
28
What is the remainder when 523 is divided by 58?
1
Calculate the remainder when 157 is divided by 74.
9
What is the remainder when 3919 is divided by 112?
111
What is the remainder when 89 is divided by 37?
15
What is the remainder when 8034 is divided by 134?
128
What is the remainder when 971 is divided by 122?
117
What is the remainder when 26983 is divided by 21?
19
Calculate the remainder when 42 is divided by 15.
12
Calculate the remainder when 239 is divided by 123.
116
Calculate the remainder when 58 is divided by 30.
28
Calculate the remainder when 138 is divided by 5.
3
What is the remainder when 730 is divided by 154?
114
Calculate the remainder when 887 is divided by 47.
41
Calculate the remainder when 4659 is divided by 65.
44
Calculate the remainder when 225 is divided by 61.
42
Calculate the remainder when 593 is divided by 123.
101
What is the remainder when 2287 is divided by 10?
7
Calculate the remainder when 57 is divided by 39.
18
What is the remainder when 191 is divided by 32?
31
Calculate the remainder when 154 is divided by 54.
46
What is the remainder when 153 is divided by 26?
23
Calculate the remainder when 2860 is divided by 54.
52
Calculate the remainder when 125 is divided by 28.
13
What is the remainder when 130 is divided by 4?
2
What is the remainder when 2319 is divided by 2298?
21
Calculate the remainder when 152 is divided by 13.
9
What is the remainder when 3773 is divided by 79?
60
What is the remainder when 596 is divided by 40?
36
Calculate the remainder when 21044 is divided by 61.
60
What is the remainder when 126 is divided by 16?
14
What is the remainder when 1940 is divided by 27?
23
Calculate the remainder when 507 is divided by 52.
39
Calculate the remainder when 14 is divided by 10.
4
Calculate the remainder when 1022 is divided by 54.
50
What is the remainder when 752 is divided by 24?
8
Calculate the remainder when 8359 is divided by 17.
12
What is the remainder when 105 is divided by 27?
24
Calculate the remainder when 220 is divided by 34.
16
Calculate the remainder when 2217 is divided by 101.
96
Calculate the remainder when 59 is divided by 1.
0
Calculate the remainder when 93 is divided by 81.
12
What is the remainder when 9657 is divided by 35?
32
What is the remainder when 75 is divided by 13?
10
Calculate the remainder when 494 is divided by 160.
14
Calculate the remainder when 301 is divided by 62.
53
What is the remainder when 157 is divided by 80?
77
Calculate the remainder when 1114 is divided by 52.
22
Calculate the remainder when 554 is divided by 103.
39
Calculate the remainder when 253 is divided by 16.
13
Calculate the remainder when 4878 is divided by 40.
38
What is the remainder when 224 is divided by 9?
8
What is the remainder when 125 is divided by 8?
5
What is the remainder when 55 is divided by 29?
26
Calculate the remainder when 639 is divided by 276.
87
What is the remainder when 1109 is divided by 8?
5
Calculate the remainder when 21 is divided by 11.
10
What is the remainder when 1258 is divided by 30?
28
What is the remainder when 1820 is divided by 78?
26
What is the remainder when 78 is divided by 5?
3
What is the remainder when 172 is divided by 53?
13
Calculate the remainder when 131 is divided by 59.
13
What is the remainder when 309 is divided by 100?
9
What is the remainder when 226 is divided by 79?
68
Calculate the remainder when 98 is divided by 62.
36
What is the remainder when 380 is divided by 12?
8
Calculate the remainder when 509 is divided by 49.
19
What is the remainder when 297 is divided by 14?
3
Calculate the remainder when 18 is divided by 11.
7
Calculate the remainder when 619 is divided by 220.
179
What is the remainder when 123 is divided by 25?
23
What is the remainder when 90 is divided by 51?
39
What is the remainder when 2564 is divided by 19?
18
Calculate the remainder when 283 is divided by 32.
27
What is the remainder when 218 is divided by 55?
53
Calculate the remainder when 92 is divided by 27.
11
What is the remainder when 26 is divided by 9?
8
Calculate the remainder when 3874 is divided by 1284.
22
What is the remainder when 4574 is divided by 164?
146
What is the remainder when 895 is divided by 29?
25
Calculate the remainder when 3093 is divided by 3.
0
What is the remainder when 1299 is divided by 87?
81
Calculate the remainder when 206 is divided by 66.
8
Calculate the remainder when 398 is divided by 129.
11
Calculate the remainder when 192 is divided by 44.
16
Calculate the remainder when 95 is divided by 84.
11
What is the remainder when 5093 is divided by 196?
193
Calculate the remainder when 115 is divided by 58.
57
What is the remainder when 65 is divided by 22?
21
Calculate the remainder when 5163 is divided by 1032.
3
What is the remainder when 27 is divided by 3?
0
Calculate the remainder when 2716 is divided by 170.
166
Calculate the remainder when 62 is divided by 20.
2
What is the remainder when 208 is divided by 21?
19
What is the remainder when 487 is divided by 165?
157
What is the remainder when 3976 is divided by 78?
76
What is the remainder when 48 is divided by 31?
17
What is the remainder when 86 is divided by 51?
35
Calculate the remainder when 1020 is divided by 210.
180
Calculate the remainder when 72 is divided by 19.
15
What is the remainder when 879 is divided by 21?
18
What is the remainder when 146 is divided by 15?
11
What is the remainder when 56 is divided by 8?
0
What is the remainder when 78 is divided by 18?
6
What is the remainder when 33 is divided by 4?
1
Calculate the remainder when 813 is divided by 74.
73
Calculate the remainder when 369 is divided by 93.
90
Calculate the remainder when 269 is divided by 67.
1
Calculate the remainder when 115 is divided by 36.
7
What is the remainder when 88 is divided by 16?
8
What is the remainder when 153 is divided by 152?
1
Calculate the remainder when 426 is divided by 128.
42
What is the remainder when 105 is divided by 13?
1
Calculate the remainder when 2983 is divided by 81.
67
Calculate the remainder when 8136 is divided by 79.
78
What is the remainder when 212 is divided by 24?
20
Calculate the remainder when 90 is divided by 28.
6
What is the remainder when 1081 is divided by 57?
55
What is the remainder when 10636 is divided by 35?
31
What is the remainder when 319 is divided by 30?
19
What is the remainder when 126 is divided by 12?
6
Calculate the remainder when 435 is divided by 23.
21
Calculate the remainder when 339 is divided by 34.
33
Calculate the remainder when 1544 is divided by 129.
125
What is the remainder when 63 is divided by 43?
20
Calculate the remainder when 4288 is divided by 215.
203
Calculate the remainder when 602 is divided by 67.
66
Calculate the remainder when 2518 is divided by 114.
10
What is the remainder when 599 is divided by 298?
3
What is the remainder when 749 is divided by 6?
5
Calculate the remainder when 167 is divided by 112.
55
Calculate the remainder when 311 is divided by 26.
25
Calculate the remainder when 1456 is divided by 54.
52
What is the remainder when 39 is divided by 4?
3
What is the remainder when 1102 is divided by 548?
6
Calculate the remainder when 1232 is divided by 19.
16
Calculate the remainder when 208 is divided by 7.
5
Calculate the remainder when 419 is divided by 15.
14
What is the remainder when 461 is divided by 59?
48
What is the remainder when 123 is divided by 65?
58
What is the remainder when 108 is divided by 55?
53
Calculate the remainder when 104 is divided by 12.
8
Calculate the remainder when 609 is divided by 62.
51
Calculate the remainder when 3762 is divided by 377.
369
What is the remainder when 1208 is divided by 22?
20
Calculate the remainder when 173 is divided by 6.
5
What is the remainder when 3912 is divided by 32?
8
Calculate the remainder when 3414 is divided by 171.
165
Calculate the remainder when 2102 is divided by 176.
166
What is the re